{"id":5841,"date":"2014-09-23T13:40:45","date_gmt":"2014-09-23T13:40:45","guid":{"rendered":"http:\/\/www.cluny.com.br\/?page_id=5841"},"modified":"2021-04-01T16:12:20","modified_gmt":"2021-04-01T19:12:20","slug":"terra-e-lua-movimentos-e-fenomenos","status":"publish","type":"page","link":"https:\/\/cluny.com.br\/?page_id=5841","title":{"rendered":"Terra e Lua: movimentos e fen\u00f4menos astron\u00f4micos"},"content":{"rendered":"<ul>\n<li><span style=\"text-decoration: underline;\"><strong>Lua<\/strong><\/span>: \u00fanico sat\u00e9lite natural da Terra, sendo o quinto maior do Sistema Solar; estima-se que tenha sido formada h\u00e1 cerca de 4,5 bilh\u00f5es de anos; encontra-se a 384 mil km da Terra e seu di\u00e2metro <em>(equatorial)<\/em> \u00e9 de 3.475 km; seu <em>per\u00edodo orbital<\/em> ao redor da Terra <em>(transla\u00e7\u00e3o)<\/em> \u00e9 de 27 dias, sendo tamb\u00e9m sua <em>rota\u00e7\u00e3o em torno seu eixo<\/em> de 27 dias <em>(rota\u00e7\u00e3o sincronizada)<\/em>.<\/li>\n<li><span style=\"text-decoration: underline;\"><strong>Fases da Lua<\/strong><\/span>: s\u00e3o os aspectos visuais da Lua durante\u00a0 seu per\u00edodo orbital ao redor da Terra.<br \/>\nO Sol sempre ilumina uma parte da Lua (assim como ilumina uma metade da Terra); \u00e0 medida que a Lua se desloca em sua \u00f3rbita, sua metade iluminada vai mudando.<br \/>\nAs principais fases deste\u00a0 ciclo lunar s\u00e3o: 1) <strong>Lua Nova<\/strong>, quando a face da Lua voltada para a Terra n\u00e3o est\u00e1 iluminada; 2) <strong>Lua Crescente<\/strong>, quando a \u00e1rea iluminada surge e vai crescendo; 3) <strong>Lua Cheia<\/strong>, quando\u00a0 a face da Lua voltada para a Terra est\u00e1 totalmente iluminada (nesta ocasi\u00e3o, a Lua est\u00e1 no ponto\u00a0 mais afastado do Sol); 4) <strong>Lua Minguante<\/strong>, quando a parte iluminada vai ficando cada vez menor; ao desaparecer totalmente, entramos num novo ciclo lunar.<\/li>\n<li><span style=\"text-decoration: underline;\"><strong>Rota\u00e7\u00e3o S\u00edncrona<\/strong><\/span>: a Lua gira em torno de si mesma no mesmo tempo que leva para orbitar a Terra (27 dias); por isso da Terra vemos sempre a mesma face da Lua.<\/li>\n<li><span style=\"text-decoration: underline;\"><strong>Movimentos da Terra<\/strong><\/span>:<\/li>\n<\/ul>\n<p style=\"padding-left: 60px;\">1) <strong>rota\u00e7\u00e3o<\/strong> <em>(movimento ao redor de seu eixo)<\/em>: um dia (24 horas).<\/p>\n<p style=\"padding-left: 60px;\">2) <strong>transla\u00e7\u00e3o<\/strong> <em>(movimento ao redor do Sol)<\/em>: um ano (365 dias e 6 horas).<\/p>\n<p style=\"padding-left: 60px;\">3) <strong>precess\u00e3o<\/strong> <em>(mudan\u00e7a no eixo de rota\u00e7\u00e3o)<\/em>: \u00a0 a Terra oscila muito lentamente em torno de seu eixo levando cerca de 25.800 anos\u00a0 em um movimento semelhante ao giro de um pi\u00e3o.<\/p>\n<p style=\"padding-left: 60px;\">4) <strong>ano gal\u00e1ctico<\/strong><em> (movimento de todo o Sistema Solar em uma \u00f3rbita gigante ao redor do centro da Via L\u00e1ctea)<\/em>: 226 milh\u00f5es de anos.<\/p>\n<p style=\"padding-left: 60px;\">5) <strong>navega\u00e7\u00e3o pelo Grupo Local<\/strong> <em>(movimento de toda a Via L\u00e1ctea ao redor do centro do Grupo Local de Gal\u00e1xias).<\/em><\/p>\n<p style=\"padding-left: 60px;\">6) <strong>expans\u00e3o c\u00f3smica<\/strong> (<em>Fluxo de Hubble<\/em>) (movimento de todo o Grupo Local de Gal\u00e1xias pelo Universo como decorr\u00eancia do Big Bang).<\/p>\n<ul>\n<li><span style=\"text-decoration: underline;\"><strong>Esta\u00e7\u00f5es do Ano<\/strong><\/span>: s\u00e3o decorrentes da inclina\u00e7\u00e3o do eixo da Terra (linha que passa pelos polos norte e sul) em rela\u00e7\u00e3o ao plano da \u00f3rbita ao redor do Sol (cerca de 23 graus); assim, n\u00e3o sendo perpendicular, um dos hemisf\u00e9rios terrestres sempre receber\u00e1 mais diretamente a luz do Sol do que o outro; \u00e0 medida que a Terra gira em torno do Sol,\u00a0 os hemisf\u00e9rios norte e sul experimentam esta\u00e7\u00f5es opostas.<\/li>\n<li><span style=\"text-decoration: underline;\"><strong>Eclipse<\/strong><\/span>: fen\u00f4meno que ocorre quando um corpo celeste fica total ou parcialmente oculto pela interposi\u00e7\u00e3o de outro. Existem dois tipos: <em>eclipse lunar<\/em> e <em>eclipse solar<\/em>. O\u00a0 fen\u00f4meno s\u00f3 ocorre quando houver um alinhamento das \u00f3rbitas da Terra ao redor do Sol e da Lua ao redor da Terra.<\/li>\n<\/ul>\n<p style=\"padding-left: 60px;\"><span style=\"text-decoration: underline;\"><em>Eclipse lunar<\/em><\/span> (alinhamento\u00a0 Sol &#8211; Terra &#8211; Lua): a Terra bloqueia a luz do Sol e a Lua (Lua cheia) entra na sombra projetada pela Terra. Se ficar inteiramente na sombra, a eclipse \u00e9 <em>total<\/em>, caso contr\u00e1rio, <em>parcial<\/em>.<\/p>\n<p style=\"padding-left: 60px;\"><span style=\"text-decoration: underline;\"><em>Eclipse solar<\/em><\/span> (alinhamento Sol &#8211; Lua &#8211; Terra): o disco escuro da Lua (Lua nova) cobre o disco luminoso do Sol. Este tipo de eclipse pode ser <em>total<\/em> (s\u00f3 vis\u00edvel por uma faixa da Terra chamada<em> caminho da totalidade<\/em>) ou<em> parcial<\/em> (visto de outros pontos da Terra).<\/p>\n<ul>\n<li><span style=\"text-decoration: underline;\"><strong>Aurora Boreal<\/strong><\/span> (hemisf\u00e9rio norte) e <span style=\"text-decoration: underline;\"><strong>Aurora Austral<\/strong><\/span> (hemisf\u00e9rio sul): fen\u00f4meno \u00f3tico que ocorre no c\u00e9u noturno em regi\u00f5es polares causado pelo impacto de part\u00edculas do espa\u00e7o (<em>ex.: vento solar)<\/em> com a atmosfera superior da Terra, estimulando o oxig\u00eanio e outros gases a brilhar e produzir um fulgor de luzes coloridas em diversos formatos (linhas,\u00a0 arcos, cortinas onduladas, feixes de raios, coroas, etc).<\/li>\n<li><strong><span style=\"text-decoration: underline;\">Mar\u00e9s<\/span><\/strong>: altera\u00e7\u00f5es dos n\u00edveis da \u00e1gua do mar causadas em grande parte pela for\u00e7a de gravidade da Lua e mais moderadamente pela do Sol. A altura das mar\u00e9s alta e baixa tamb\u00e9m varia: nas fases de Lua Nova e Cheia as for\u00e7as gravitacionais da Lua e do Sol est\u00e3o na mesma dire\u00e7\u00e3o, o que produz as maiores mar\u00e9s altas e as menores mar\u00e9s baixas (<em>mar\u00e9s de siz\u00edgia<\/em>); nas fases de Lua Crescente e Minguante as for\u00e7as gravitacionais da Lua e Sol\u00a0 agem uma contra a outra produzindo mar\u00e9s mais baixas (<em>mar\u00e9s de quadratura<\/em>).<\/li>\n<li><span style=\"text-decoration: underline;\"><strong>Arco-\u00edris<\/strong><\/span>: fen\u00f4meno \u00f3tico e meteorol\u00f3gico que ocorre quando a luz solar\u00a0 incide sobre gotas de chuva provocando a dispers\u00e3o da luz em seus v\u00e1rios componentes espectrais (separa\u00e7\u00e3o da luz em suas v\u00e1rias cores).<\/li>\n<\/ul>\n","protected":false},"excerpt":{"rendered":"<p>Lua: \u00fanico sat\u00e9lite natural da Terra, sendo o quinto maior do Sistema Solar; estima-se que tenha sido formada h\u00e1 cerca&hellip;<\/p>\n","protected":false},"author":1,"featured_media":0,"parent":162,"menu_order":40,"comment_status":"closed","ping_status":"closed","template":"full-width.php","meta":{"footnotes":""},"class_list":["post-5841","page","type-page","status-publish","hentry"],"_links":{"self":[{"href":"https:\/\/cluny.com.br\/index.php?rest_route=\/wp\/v2\/pages\/5841","targetHints":{"allow":["GET"]}}],"collection":[{"href":"https:\/\/cluny.com.br\/index.php?rest_route=\/wp\/v2\/pages"}],"about":[{"href":"https:\/\/cluny.com.br\/index.php?rest_route=\/wp\/v2\/types\/page"}],"author":[{"embeddable":true,"href":"https:\/\/cluny.com.br\/index.php?rest_route=\/wp\/v2\/users\/1"}],"replies":[{"embeddable":true,"href":"https:\/\/cluny.com.br\/index.php?rest_route=%2Fwp%2Fv2%2Fcomments&post=5841"}],"version-history":[{"count":12,"href":"https:\/\/cluny.com.br\/index.php?rest_route=\/wp\/v2\/pages\/5841\/revisions"}],"predecessor-version":[{"id":24122,"href":"https:\/\/cluny.com.br\/index.php?rest_route=\/wp\/v2\/pages\/5841\/revisions\/24122"}],"up":[{"embeddable":true,"href":"https:\/\/cluny.com.br\/index.php?rest_route=\/wp\/v2\/pages\/162"}],"wp:attachment":[{"href":"https:\/\/cluny.com.br\/index.php?rest_route=%2Fwp%2Fv2%2Fmedia&parent=5841"}],"curies":[{"name":"wp","href":"https:\/\/api.w.org\/{rel}","templated":true}]}}

Terra e Lua: movimentos e fenômenos astronômicos

<ul>
<li><span style="text-decoration: underline;"><strong>Lua</strong></span>: único satélite natural da Terra, sendo o quinto maior do Sistema Solar; estima-se que tenha sido formada há cerca de 4,5 bilhões de anos; encontra-se a 384 mil km da Terra e seu diâmetro <em>(equatorial)</em> é de 3.475 km; seu <em>período orbital</em> ao redor da Terra <em>(translação)</em> é de 27 dias, sendo também sua <em>rotação em torno seu eixo</em> de 27 dias <em>(rotação sincronizada)</em>.</li>
<li><span style="text-decoration: underline;"><strong>Fases da Lua</strong></span>: são os aspectos visuais da Lua durante  seu período orbital ao redor da Terra.<br />
O Sol sempre ilumina uma parte da Lua (assim como ilumina uma metade da Terra); à medida que a Lua se desloca em sua órbita, sua metade iluminada vai mudando.<br />
As principais fases deste  ciclo lunar são: 1) <strong>Lua Nova</strong>, quando a face da Lua voltada para a Terra não está iluminada; 2) <strong>Lua Crescente</strong>, quando a área iluminada surge e vai crescendo; 3) <strong>Lua Cheia</strong>, quando  a face da Lua voltada para a Terra está totalmente iluminada (nesta ocasião, a Lua está no ponto  mais afastado do Sol); 4) <strong>Lua Minguante</strong>, quando a parte iluminada vai ficando cada vez menor; ao desaparecer totalmente, entramos num novo ciclo lunar.</li>
<li><span style="text-decoration: underline;"><strong>Rotação Síncrona</strong></span>: a Lua gira em torno de si mesma no mesmo tempo que leva para orbitar a Terra (27 dias); por isso da Terra vemos sempre a mesma face da Lua.</li>
<li><span style="text-decoration: underline;"><strong>Movimentos da Terra</strong></span>:</li>
</ul>
<p style="padding-left: 60px;">1) <strong>rotação</strong> <em>(movimento ao redor de seu eixo)</em>: um dia (24 horas).</p>
<p style="padding-left: 60px;">2) <strong>translação</strong> <em>(movimento ao redor do Sol)</em>: um ano (365 dias e 6 horas).</p>
<p style="padding-left: 60px;">3) <strong>precessão</strong> <em>(mudança no eixo de rotação)</em>:   a Terra oscila muito lentamente em torno de seu eixo levando cerca de 25.800 anos  em um movimento semelhante ao giro de um pião.</p>
<p style="padding-left: 60px;">4) <strong>ano galáctico</strong><em> (movimento de todo o Sistema Solar em uma órbita gigante ao redor do centro da Via Láctea)</em>: 226 milhões de anos.</p>
<p style="padding-left: 60px;">5) <strong>navegação pelo Grupo Local</strong> <em>(movimento de toda a Via Láctea ao redor do centro do Grupo Local de Galáxias).</em></p>
<p style="padding-left: 60px;">6) <strong>expansão cósmica</strong> (<em>Fluxo de Hubble</em>) (movimento de todo o Grupo Local de Galáxias pelo Universo como decorrência do Big Bang).</p>
<ul>
<li><span style="text-decoration: underline;"><strong>Estações do Ano</strong></span>: são decorrentes da inclinação do eixo da Terra (linha que passa pelos polos norte e sul) em relação ao plano da órbita ao redor do Sol (cerca de 23 graus); assim, não sendo perpendicular, um dos hemisférios terrestres sempre receberá mais diretamente a luz do Sol do que o outro; à medida que a Terra gira em torno do Sol,  os hemisférios norte e sul experimentam estações opostas.</li>
<li><span style="text-decoration: underline;"><strong>Eclipse</strong></span>: fenômeno que ocorre quando um corpo celeste fica total ou parcialmente oculto pela interposição de outro. Existem dois tipos: <em>eclipse lunar</em> e <em>eclipse solar</em>. O  fenômeno só ocorre quando houver um alinhamento das órbitas da Terra ao redor do Sol e da Lua ao redor da Terra.</li>
</ul>
<p style="padding-left: 60px;"><span style="text-decoration: underline;"><em>Eclipse lunar</em></span> (alinhamento  Sol &#8211; Terra &#8211; Lua): a Terra bloqueia a luz do Sol e a Lua (Lua cheia) entra na sombra projetada pela Terra. Se ficar inteiramente na sombra, a eclipse é <em>total</em>, caso contrário, <em>parcial</em>.</p>
<p style="padding-left: 60px;"><span style="text-decoration: underline;"><em>Eclipse solar</em></span> (alinhamento Sol &#8211; Lua &#8211; Terra): o disco escuro da Lua (Lua nova) cobre o disco luminoso do Sol. Este tipo de eclipse pode ser <em>total</em> (só visível por uma faixa da Terra chamada<em> caminho da totalidade</em>) ou<em> parcial</em> (visto de outros pontos da Terra).</p>
<ul>
<li><span style="text-decoration: underline;"><strong>Aurora Boreal</strong></span> (hemisfério norte) e <span style="text-decoration: underline;"><strong>Aurora Austral</strong></span> (hemisfério sul): fenômeno ótico que ocorre no céu noturno em regiões polares causado pelo impacto de partículas do espaço (<em>ex.: vento solar)</em> com a atmosfera superior da Terra, estimulando o oxigênio e outros gases a brilhar e produzir um fulgor de luzes coloridas em diversos formatos (linhas,  arcos, cortinas onduladas, feixes de raios, coroas, etc).</li>
<li><strong><span style="text-decoration: underline;">Marés</span></strong>: alterações dos níveis da água do mar causadas em grande parte pela força de gravidade da Lua e mais moderadamente pela do Sol. A altura das marés alta e baixa também varia: nas fases de Lua Nova e Cheia as forças gravitacionais da Lua e do Sol estão na mesma direção, o que produz as maiores marés altas e as menores marés baixas (<em>marés de sizígia</em>); nas fases de Lua Crescente e Minguante as forças gravitacionais da Lua e Sol  agem uma contra a outra produzindo marés mais baixas (<em>marés de quadratura</em>).</li>
<li><span style="text-decoration: underline;"><strong>Arco-íris</strong></span>: fenômeno ótico e meteorológico que ocorre quando a luz solar  incide sobre gotas de chuva provocando a dispersão da luz em seus vários componentes espectrais (separação da luz em suas várias cores).</li>
</ul>

<p>Lua: único satélite natural da Terra, sendo o quinto maior do Sistema Solar; estima-se que tenha sido formada há cerca&hellip;</p>
