{"id":5713,"date":"2014-09-20T16:35:24","date_gmt":"2014-09-20T16:35:24","guid":{"rendered":"http:\/\/www.cluny.com.br\/?page_id=5713"},"modified":"2022-06-18T12:58:38","modified_gmt":"2022-06-18T15:58:38","slug":"estrelas","status":"publish","type":"page","link":"https:\/\/cluny.com.br\/?page_id=5713","title":{"rendered":"Estrelas"},"content":{"rendered":"<ul>\n<li><strong>O que s\u00e3o<\/strong>: estrelas s\u00e3o corpos celestes que se caracterizam por se constitu\u00edrem em uma grande massa de g\u00e1s quente produzindo energia atrav\u00e9s da fus\u00e3o nuclear (transforma\u00e7\u00e3o de hidrog\u00eanio em h\u00e9lio).<br \/>\n(<em><span style=\"text-decoration: underline;\">obs.<\/span>: as estrelas&nbsp; se distinguem dos planetas pelo fato de possuirem luz pr\u00f3pria).<\/em><\/li>\n<li><strong>Classifica\u00e7\u00e3o<\/strong>: os principais crit\u00e9rios s\u00e3o <span style=\"text-decoration: underline;\"><strong>por tipo de espectro<\/strong><\/span> (cor) baseado na temperatura da superf\u00edcie estelar&nbsp; ou por&nbsp; <span style=\"text-decoration: underline;\"><strong>magnitude aparente<\/strong><\/span> (brilho) que depende da luminosidade verdadeira (magnitude absoluta) e da sua dist\u00e2ncia da Terra.<\/li>\n<li><strong>Alguns tipos:<\/strong>\n<ul>\n<li><strong><span style=\"text-decoration: underline;\">Estrela bin\u00e1ria<\/span><\/strong>: duas estrelas que ficam em \u00f3rbita de um centro de massa comum;<\/li>\n<li><strong><span style=\"text-decoration: underline;\">Estrela m\u00faltipla<\/span><\/strong>: tr\u00eas ou mais estrelas em \u00f3rbita de um centro de massa comum;<\/li>\n<li><strong><span style=\"text-decoration: underline;\">Estrela dupla<\/span><\/strong>: duas estrelas que parecem estar muito pr\u00f3ximas uma da outra e que podem estar fisicamente associadas (estrela bin\u00e1ria) ou n\u00e3o;<\/li>\n<li><strong><span style=\"text-decoration: underline;\">Estrela vari\u00e1vel<\/span><\/strong>: estrela cuja luminosidade varia em uma escala de tempo menor que 100 anos.<\/li>\n<\/ul>\n<\/li>\n<li><strong>Ciclo de vida<\/strong>&nbsp; (principais fases da evolu\u00e7\u00e3o estelar)\n<ul>\n<li><strong><span style=\"text-decoration: underline;\">Origem<\/span><\/strong>: as estrelas surgem a partir de vastas nuvens de g\u00e1s e poeira c\u00f3smica (nebulosas) dentro de gal\u00e1xias.&nbsp; Ap\u00f3s milh\u00f5es de anos, uma parte de uma nebulosa se condensa, diminui de tamanho&nbsp; e se aquece&nbsp; tornando-se uma grande esfera de g\u00e1s, isto \u00e9, um objeto estelar jovem.<\/li>\n<li><strong><span style=\"text-decoration: underline;\">Objetos estelares jovens<\/span> <\/strong><em>(YSO &#8211; young stellar object)<\/em>: a estrela jovem dispersa o remanescente da nuvem de nascimento e d\u00e1 inicio \u00e0&nbsp; gera\u00e7\u00e3o de energia.<\/li>\n<li><strong><span style=\"text-decoration: underline;\">Sequ\u00eancia principal<\/span><\/strong>: fase mais extensa e importante das estrelas caracterizada pela fus\u00e3o nuclear do hidrog\u00eanio transformando-o em h\u00e9lio.<\/li>\n<li><strong><span style=\"text-decoration: underline;\">Gigante vermelha<\/span><\/strong>: in\u00edcio da fase final de evolu\u00e7\u00e3o estelar; ap\u00f3s exaurir todo o&nbsp; hidrog\u00eanio de seu n\u00facleo,&nbsp; a estrela&nbsp; passa a queimar o hidrog\u00eanio de uma camada que cobre o n\u00facleo chamada <em>concha; a<\/em> estrela ent\u00e3o se expande e se torna enorme e extremamente brilhante e vermelha; quando esta nova camada de hidrog\u00eanio se esgota, a estrela passa a queimar o h\u00e9lio; o fim da&nbsp; estrela ocorre com a exaust\u00e3o do h\u00e9lio.<\/li>\n<li><strong><span style=\"text-decoration: underline;\">Est\u00e1gio final<\/span><\/strong>: a morte de uma estrela depende de sua massa: estrelas menores se transformam em <em><strong>an\u00e3s-brancas<\/strong><\/em>; as maiores&nbsp; podem se extinguir como&nbsp; <em><strong>supernovas<\/strong><\/em>, <em><strong>estrelas de n\u00eautrons<\/strong> <\/em>ou <em><strong>buracos negros<\/strong><\/em>.\n<ul>\n<li><em><strong>an\u00e3s-brancas<\/strong><\/em>: s\u00e3o estrelas compactas: pequenas e&nbsp; muito densas (exemplo: massa similar \u00e0 do Sol mas com di\u00e2metro compar\u00e1vel ao da Terra); na verdade, s\u00e3o os restos de uma estrela que est\u00e1 se&nbsp; extinguindo.<\/li>\n<li><em><strong>supernovas<\/strong><\/em><strong>:<\/strong> explos\u00e3o enorme que destroi a estrela inteira e expulsa para o espa\u00e7o at\u00e9 90% de sua mat\u00e9ria; ela se torna milh\u00f5es de vezes mais brilhante por pouquissimo tempo (semanas ou meses)&nbsp; e o n\u00facleo remanescente se transforma numa estrela de n\u00eautrons ou&nbsp; mesmo num buraco negro.<\/li>\n<li><em><strong>estrela de n\u00eautrons<\/strong><\/em>: estrelas pequenas e intensamente brilhantes.&nbsp;<em> (<span style=\"text-decoration: underline;\">obs<\/span>.: <strong>pulsares<\/strong> s\u00e3o um tipo de estrela de n\u00eautrons).<\/em><\/li>\n<li><em><strong>buracos negros<\/strong><\/em>: objetos extremamente densos e compactos cuja&nbsp; gravidade&nbsp; \u00e9 t\u00e3o forte que nem mesmo a luz consegue escapar de dentro dele.<\/li>\n<\/ul>\n<\/li>\n<\/ul>\n<\/li>\n<li><a title=\"Estrelas mais pr\u00f3ximas da Terra\" href=\"http:\/\/www.cluny.com.br\/?page_id=5730\"><strong>Estrelas mais pr\u00f3ximas da Terra<\/strong><\/a><\/li>\n<li><strong><a title=\"Estrelas mais brilhantes\" href=\"http:\/\/www.cluny.com.br\/?page_id=5748\">Estrelas mais brilhantes<\/a><\/strong><\/li>\n<li><a title=\"Maiores estrelas\" href=\"http:\/\/www.cluny.com.br\/?page_id=5762\"><strong>Maiores estrelas conhecidas<\/strong><\/a><\/li>\n<\/ul>\n<p>&nbsp;<\/p>\n<p>&nbsp;<\/p>\n<p>&nbsp;<\/p>\n<p>&nbsp;<\/p>\n<p><em>&nbsp;<\/em><\/p>\n<p>&nbsp;<\/p>\n<p>&nbsp;<\/p>\n","protected":false},"excerpt":{"rendered":"<p>O que s\u00e3o: estrelas s\u00e3o corpos celestes que se caracterizam por se constitu\u00edrem em uma grande massa de g\u00e1s quente&hellip;<\/p>\n","protected":false},"author":1,"featured_media":25770,"parent":5697,"menu_order":0,"comment_status":"closed","ping_status":"closed","template":"full-width.php","meta":{"footnotes":""},"class_list":["post-5713","page","type-page","status-publish","has-post-thumbnail","hentry"],"_links":{"self":[{"href":"https:\/\/cluny.com.br\/index.php?rest_route=\/wp\/v2\/pages\/5713","targetHints":{"allow":["GET"]}}],"collection":[{"href":"https:\/\/cluny.com.br\/index.php?rest_route=\/wp\/v2\/pages"}],"about":[{"href":"https:\/\/cluny.com.br\/index.php?rest_route=\/wp\/v2\/types\/page"}],"author":[{"embeddable":true,"href":"https:\/\/cluny.com.br\/index.php?rest_route=\/wp\/v2\/users\/1"}],"replies":[{"embeddable":true,"href":"https:\/\/cluny.com.br\/index.php?rest_route=%2Fwp%2Fv2%2Fcomments&post=5713"}],"version-history":[{"count":18,"href":"https:\/\/cluny.com.br\/index.php?rest_route=\/wp\/v2\/pages\/5713\/revisions"}],"predecessor-version":[{"id":25771,"href":"https:\/\/cluny.com.br\/index.php?rest_route=\/wp\/v2\/pages\/5713\/revisions\/25771"}],"up":[{"embeddable":true,"href":"https:\/\/cluny.com.br\/index.php?rest_route=\/wp\/v2\/pages\/5697"}],"wp:featuredmedia":[{"embeddable":true,"href":"https:\/\/cluny.com.br\/index.php?rest_route=\/wp\/v2\/media\/25770"}],"wp:attachment":[{"href":"https:\/\/cluny.com.br\/index.php?rest_route=%2Fwp%2Fv2%2Fmedia&parent=5713"}],"curies":[{"name":"wp","href":"https:\/\/api.w.org\/{rel}","templated":true}]}}