{"id":5667,"date":"2014-09-19T15:25:08","date_gmt":"2014-09-19T15:25:08","guid":{"rendered":"http:\/\/www.cluny.com.br\/?page_id=5667"},"modified":"2014-09-19T15:28:00","modified_gmt":"2014-09-19T15:28:00","slug":"musica-popular-principais-generos-2","status":"publish","type":"page","link":"https:\/\/cluny.com.br\/?page_id=5667","title":{"rendered":"M\u00fasica Popular &#8211; Principais G\u00eaneros"},"content":{"rendered":"\n<table id=\"tablepress-331\" class=\"tablepress tablepress-id-331\">\n<thead>\n<tr class=\"row-1\">\n\t<th class=\"column-1\">G\u00eanero<\/th><th class=\"column-2\">Descri\u00e7\u00e3o Sucinta<\/th>\n<\/tr>\n<\/thead>\n<tbody class=\"row-striping row-hover\">\n<tr class=\"row-2\">\n\t<td class=\"column-1\">Blues<\/td><td class=\"column-2\">Modalidade vocal e instrumental, surgida no s\u00e9culo XIX,  cujas ra\u00edzes se encontram nos cantos religiosos  (spirituals)  dos escravos africanos vindos para trabalhar na Am\u00e9rica. Exerceu  influ\u00eancia em diversos outros estilos musicais como ragtime e jazz.<\/td>\n<\/tr>\n<tr class=\"row-3\">\n\t<td class=\"column-1\">Bolero<\/td><td class=\"column-2\">G\u00eanero musical e dan\u00e7a originados na Espanha  e que  se disseminou pela Am\u00e9rica a partir de Cuba e, principalmente, M\u00e9xico. Foi um tipo de can\u00e7\u00e3o  rom\u00e2ntica muito popular na d\u00e9cada de 1950.<\/td>\n<\/tr>\n<tr class=\"row-4\">\n\t<td class=\"column-1\">Calipso<\/td><td class=\"column-2\">G\u00eanero musical e dan\u00e7a de influ\u00eancia africana surgidos nas ilhas coloniais inglesas do Caribe, no come\u00e7o do s\u00e9culo XX.<\/td>\n<\/tr>\n<tr class=\"row-5\">\n\t<td class=\"column-1\">Cha-cha-cha<\/td><td class=\"column-2\">G\u00eanero musical e dan\u00e7a, surgidos em Cuba, nos anos 50, derivado da rumba e do mambo.<\/td>\n<\/tr>\n<tr class=\"row-6\">\n\t<td class=\"column-1\">Charleston<\/td><td class=\"column-2\">Dan\u00e7a popular, originalmente adotada pelos negros do sul dos Estados Unidos na d\u00e9cada de 1920. Seu nome se deve \u00e0 cidade de Charleston na Carolina do Sul.<\/td>\n<\/tr>\n<tr class=\"row-7\">\n\t<td class=\"column-1\">Country Music<\/td><td class=\"column-2\">G\u00eanero musical surgido no s\u00e9culo XIX  muito influenciado pelo estilo trazido pelos colonizadores ingleses (can\u00e7\u00f5es e baladas celtas, por exemplo) al\u00e9m da pr\u00f3pria  folk music americana e do blues.<\/td>\n<\/tr>\n<tr class=\"row-8\">\n\t<td class=\"column-1\">Dance Music<\/td><td class=\"column-2\">Estilo de m\u00fasica para pistas de dan\u00e7a e festas.<\/td>\n<\/tr>\n<tr class=\"row-9\">\n\t<td class=\"column-1\">Disco<\/td><td class=\"column-2\">G\u00eanero musical surgido no in\u00edcio dos anos 70 e pr\u00f3prio para ser tocado em discotecas. Influenciado pelo funk, soul music e salsa.<\/td>\n<\/tr>\n<tr class=\"row-10\">\n\t<td class=\"column-1\">Easy Listening<\/td><td class=\"column-2\">Estilo musical orquestrado, surgido nos anos 50,  prop\u00edcio para ser m\u00fasica de fundo e relaxamento.<\/td>\n<\/tr>\n<tr class=\"row-11\">\n\t<td class=\"column-1\">Electronic Music<\/td><td class=\"column-2\">M\u00fasica desenvolvida com o aux\u00edlio de aparelhos eletr\u00f4nicos como computadores, sintetizadores. Modalidades: techno music; acid music<\/td>\n<\/tr>\n<tr class=\"row-12\">\n\t<td class=\"column-1\">Fox-Trot<\/td><td class=\"column-2\">Dan\u00e7a surgida nos Estados Unidos em 1914 e que se tornou muito popular  em todo o mundo. Seu nome se deve ao dan\u00e7arino Harry Fox.<\/td>\n<\/tr>\n<tr class=\"row-13\">\n\t<td class=\"column-1\">Funk<\/td><td class=\"column-2\">Estilo de m\u00fasica negra norte-americana surgida nos anos 60 e fortemente influenciado pela soul music.<\/td>\n<\/tr>\n<tr class=\"row-14\">\n\t<td class=\"column-1\">Gospel<\/td><td class=\"column-2\">G\u00eanero musical religioso surgido na comunidade negra norte-americana que teve como origem o estilo denominado \"spiritual\"  acrescido de acompanhamento instrumental (obs.:o spiritual era basicamente um canto com batidas de palmas). O gospel foi tamb\u00e9m influenciado pelo blues.<\/td>\n<\/tr>\n<tr class=\"row-15\">\n\t<td class=\"column-1\">Guar\u00e2nia<\/td><td class=\"column-2\">G\u00eanero musical criado no Paraguai na d\u00e9cada de 1920.<\/td>\n<\/tr>\n<tr class=\"row-16\">\n\t<td class=\"column-1\">Hip Hop (m\u00fasica rap)<\/td><td class=\"column-2\">Surgido na Jamaica foi levado para as festas das comunidades negras de New York  nos anos 70.<\/td>\n<\/tr>\n<tr class=\"row-17\">\n\t<td class=\"column-1\">Jazz<\/td><td class=\"column-2\">G\u00eanero musical fortemente influenciado pelos estilos afro-americanos como blues e ragtime e que surgiu no fim do s\u00e9culo XIX  no sul dos Estados Unidos (New Orleans), ganhando notoriedade mundial a partir da d\u00e9cada de 1920.<\/td>\n<\/tr>\n<tr class=\"row-18\">\n\t<td class=\"column-1\">Mambo<\/td><td class=\"column-2\">Estilo musical e dan\u00e7a desenvolvidos em Cuba na d\u00e9cada de 1930 com base na rumba.<\/td>\n<\/tr>\n<tr class=\"row-19\">\n\t<td class=\"column-1\">Merengue<\/td><td class=\"column-2\">G\u00eanero musical e dan\u00e7a, surgidos na Rep\u00fablica Dominicana, na d\u00e9cada de 1920. Exerceu grande influ\u00eancia na salsa.<\/td>\n<\/tr>\n<tr class=\"row-20\">\n\t<td class=\"column-1\">New Age<\/td><td class=\"column-2\">M\u00fasica, principalmente instrumental, voltada para criar um ambiente de relaxamento e medita\u00e7\u00e3o, surgida no in\u00edcio dos anos 80.<\/td>\n<\/tr>\n<tr class=\"row-21\">\n\t<td class=\"column-1\">Ragtime<\/td><td class=\"column-2\">Estilo musical americano que precedeu o  jazz e teve seu auge no per\u00edodo de 1900 a 1920.<\/td>\n<\/tr>\n<tr class=\"row-22\">\n\t<td class=\"column-1\">Reggae<\/td><td class=\"column-2\">G\u00eanero musical desenvolvido na Jamaica  a partir dos anos 60. Sofreu influ\u00eancia de estilos musicais africanos, caribenhos e do pr\u00f3prio blues norte-americano. Estilo de m\u00fasica muito associado ao movimento rastafari.<\/td>\n<\/tr>\n<tr class=\"row-23\">\n\t<td class=\"column-1\">Rhythm and Blues (R&amp;B)<\/td><td class=\"column-2\">G\u00eanero musical surgido na d\u00e9cada de 1940 influenciado pelo jazz, blues e gospel.<\/td>\n<\/tr>\n<tr class=\"row-24\">\n\t<td class=\"column-1\">Rock and Roll (rock 'n roll)<\/td><td class=\"column-2\">Estilo musical surgido nos Estados Unidos na d\u00e9cada de 1950 e que se disseminou rapidamente por todo o mundo, sendo  hoje talvez o g\u00eanero mais popular internacionalmente. Caracteriza-se por um ritmo dan\u00e7ante com acompanhamento de guitarra el\u00e9trica e bateria.<\/td>\n<\/tr>\n<tr class=\"row-25\">\n\t<td class=\"column-1\">Rumba<\/td><td class=\"column-2\">Estilo musical surgido em Cuba  no final do s\u00e9culo XIX, tendo sido fortemente influenciado por ritmos africanos trazidos por escravos.<\/td>\n<\/tr>\n<tr class=\"row-26\">\n\t<td class=\"column-1\">Salsa<\/td><td class=\"column-2\">G\u00eanero de m\u00fasica desenvolvido na d\u00e9cada de 1960 em Nova York por imigrantes cubanos e porto-riquenhos.<\/td>\n<\/tr>\n<tr class=\"row-27\">\n\t<td class=\"column-1\">Soul Music<\/td><td class=\"column-2\">G\u00eanero musical surgido nos Estados Unidos no final dos anos 50, tendo como origem uma combina\u00e7\u00e3o de  blues e  gospel.<\/td>\n<\/tr>\n<tr class=\"row-28\">\n\t<td class=\"column-1\">Tango<\/td><td class=\"column-2\">G\u00eanero de m\u00fasica e dan\u00e7a originado na Argentina no final do s\u00e9culo XIX.<\/td>\n<\/tr>\n<\/tbody>\n<\/table>\n\n","protected":false},"excerpt":{"rendered":"","protected":false},"author":1,"featured_media":0,"parent":132,"menu_order":10,"comment_status":"closed","ping_status":"closed","template":"full-width.php","meta":{"footnotes":""},"class_list":["post-5667","page","type-page","status-publish","hentry"],"_links":{"self":[{"href":"https:\/\/cluny.com.br\/index.php?rest_route=\/wp\/v2\/pages\/5667","targetHints":{"allow":["GET"]}}],"collection":[{"href":"https:\/\/cluny.com.br\/index.php?rest_route=\/wp\/v2\/pages"}],"about":[{"href":"https:\/\/cluny.com.br\/index.php?rest_route=\/wp\/v2\/types\/page"}],"author":[{"embeddable":true,"href":"https:\/\/cluny.com.br\/index.php?rest_route=\/wp\/v2\/users\/1"}],"replies":[{"embeddable":true,"href":"https:\/\/cluny.com.br\/index.php?rest_route=%2Fwp%2Fv2%2Fcomments&post=5667"}],"version-history":[{"count":1,"href":"https:\/\/cluny.com.br\/index.php?rest_route=\/wp\/v2\/pages\/5667\/revisions"}],"predecessor-version":[{"id":5668,"href":"https:\/\/cluny.com.br\/index.php?rest_route=\/wp\/v2\/pages\/5667\/revisions\/5668"}],"up":[{"embeddable":true,"href":"https:\/\/cluny.com.br\/index.php?rest_route=\/wp\/v2\/pages\/132"}],"wp:attachment":[{"href":"https:\/\/cluny.com.br\/index.php?rest_route=%2Fwp%2Fv2%2Fmedia&parent=5667"}],"curies":[{"name":"wp","href":"https:\/\/api.w.org\/{rel}","templated":true}]}}