{"id":11560,"date":"2015-12-29T19:15:21","date_gmt":"2015-12-29T19:15:21","guid":{"rendered":"http:\/\/www.cluny.com.br\/?page_id=11560"},"modified":"2016-04-05T20:39:23","modified_gmt":"2016-04-05T20:39:23","slug":"natureza-clima-geografia","status":"publish","type":"page","link":"https:\/\/cluny.com.br\/?page_id=11560","title":{"rendered":"Natureza &#8211; Clima &#8211; Geografia"},"content":{"rendered":"\n<table id=\"tablepress-657\" class=\"tablepress tablepress-id-657\">\n<tbody class=\"row-striping row-hover\">\n<tr class=\"row-1\">\n\t<td class=\"column-1\">abismo<\/td>\n<\/tr>\n<tr class=\"row-2\">\n\t<td class=\"column-1\">afluente<\/td>\n<\/tr>\n<tr class=\"row-3\">\n\t<td class=\"column-1\">al\u00edsios<\/td>\n<\/tr>\n<tr class=\"row-4\">\n\t<td class=\"column-1\">angra<\/td>\n<\/tr>\n<tr class=\"row-5\">\n\t<td class=\"column-1\">aragem<\/td>\n<\/tr>\n<tr class=\"row-6\">\n\t<td class=\"column-1\">argila<\/td>\n<\/tr>\n<tr class=\"row-7\">\n\t<td class=\"column-1\">arquip\u00e9lago<\/td>\n<\/tr>\n<tr class=\"row-8\">\n\t<td class=\"column-1\">arroio<\/td>\n<\/tr>\n<tr class=\"row-9\">\n\t<td class=\"column-1\">atol<\/td>\n<\/tr>\n<tr class=\"row-10\">\n\t<td class=\"column-1\">aurora boreal<\/td>\n<\/tr>\n<tr class=\"row-11\">\n\t<td class=\"column-1\">avalanche<\/td>\n<\/tr>\n<tr class=\"row-12\">\n\t<td class=\"column-1\">ba\u00eda<\/td>\n<\/tr>\n<tr class=\"row-13\">\n\t<td class=\"column-1\">barra<\/td>\n<\/tr>\n<tr class=\"row-14\">\n\t<td class=\"column-1\">barranco<\/td>\n<\/tr>\n<tr class=\"row-15\">\n\t<td class=\"column-1\">boqueir\u00e3o<\/td>\n<\/tr>\n<tr class=\"row-16\">\n\t<td class=\"column-1\">bosque<\/td>\n<\/tr>\n<tr class=\"row-17\">\n\t<td class=\"column-1\">brisa<\/td>\n<\/tr>\n<tr class=\"row-18\">\n\t<td class=\"column-1\">caatinga<\/td>\n<\/tr>\n<tr class=\"row-19\">\n\t<td class=\"column-1\">cabo<\/td>\n<\/tr>\n<tr class=\"row-20\">\n\t<td class=\"column-1\">cachoeira<\/td>\n<\/tr>\n<tr class=\"row-21\">\n\t<td class=\"column-1\">calhau<\/td>\n<\/tr>\n<tr class=\"row-22\">\n\t<td class=\"column-1\">campina<\/td>\n<\/tr>\n<tr class=\"row-23\">\n\t<td class=\"column-1\">canal<\/td>\n<\/tr>\n<tr class=\"row-24\">\n\t<td class=\"column-1\">canyon; c\u00e2nion<\/td>\n<\/tr>\n<tr class=\"row-25\">\n\t<td class=\"column-1\">capoeira<\/td>\n<\/tr>\n<tr class=\"row-26\">\n\t<td class=\"column-1\">cascata<\/td>\n<\/tr>\n<tr class=\"row-27\">\n\t<td class=\"column-1\">catarata<\/td>\n<\/tr>\n<tr class=\"row-28\">\n\t<td class=\"column-1\">caverna<\/td>\n<\/tr>\n<tr class=\"row-29\">\n\t<td class=\"column-1\">cerrado<\/td>\n<\/tr>\n<tr class=\"row-30\">\n\t<td class=\"column-1\">cerro<\/td>\n<\/tr>\n<tr class=\"row-31\">\n\t<td class=\"column-1\">chapada<\/td>\n<\/tr>\n<tr class=\"row-32\">\n\t<td class=\"column-1\">chapad\u00e3o<\/td>\n<\/tr>\n<tr class=\"row-33\">\n\t<td class=\"column-1\">ciclone<\/td>\n<\/tr>\n<tr class=\"row-34\">\n\t<td class=\"column-1\">c\u00f3rrego<\/td>\n<\/tr>\n<tr class=\"row-35\">\n\t<td class=\"column-1\">delta<\/td>\n<\/tr>\n<tr class=\"row-36\">\n\t<td class=\"column-1\">depress\u00e3o<\/td>\n<\/tr>\n<tr class=\"row-37\">\n\t<td class=\"column-1\">deserto<\/td>\n<\/tr>\n<tr class=\"row-38\">\n\t<td class=\"column-1\">desfiladeiro<\/td>\n<\/tr>\n<tr class=\"row-39\">\n\t<td class=\"column-1\">despenhadeiro<\/td>\n<\/tr>\n<tr class=\"row-40\">\n\t<td class=\"column-1\">duna<\/td>\n<\/tr>\n<tr class=\"row-41\">\n\t<td class=\"column-1\">enseada<\/td>\n<\/tr>\n<tr class=\"row-42\">\n\t<td class=\"column-1\">erup\u00e7\u00e3o vulc\u00e2nica<\/td>\n<\/tr>\n<tr class=\"row-43\">\n\t<td class=\"column-1\">estepe<\/td>\n<\/tr>\n<tr class=\"row-44\">\n\t<td class=\"column-1\">estepe<\/td>\n<\/tr>\n<tr class=\"row-45\">\n\t<td class=\"column-1\">estreito<\/td>\n<\/tr>\n<tr class=\"row-46\">\n\t<td class=\"column-1\">estu\u00e1rio<\/td>\n<\/tr>\n<tr class=\"row-47\">\n\t<td class=\"column-1\">fiorde<\/td>\n<\/tr>\n<tr class=\"row-48\">\n\t<td class=\"column-1\">floresta<\/td>\n<\/tr>\n<tr class=\"row-49\">\n\t<td class=\"column-1\">fossa<\/td>\n<\/tr>\n<tr class=\"row-50\">\n\t<td class=\"column-1\">foz<\/td>\n<\/tr>\n<tr class=\"row-51\">\n\t<td class=\"column-1\">fraga<\/td>\n<\/tr>\n<tr class=\"row-52\">\n\t<td class=\"column-1\">furac\u00e3o<\/td>\n<\/tr>\n<tr class=\"row-53\">\n\t<td class=\"column-1\">garganta<\/td>\n<\/tr>\n<tr class=\"row-54\">\n\t<td class=\"column-1\">geada<\/td>\n<\/tr>\n<tr class=\"row-55\">\n\t<td class=\"column-1\">geleira<\/td>\n<\/tr>\n<tr class=\"row-56\">\n\t<td class=\"column-1\">golfo<\/td>\n<\/tr>\n<tr class=\"row-57\">\n\t<td class=\"column-1\">granizo<\/td>\n<\/tr>\n<tr class=\"row-58\">\n\t<td class=\"column-1\">grota<\/td>\n<\/tr>\n<tr class=\"row-59\">\n\t<td class=\"column-1\">gruta<\/td>\n<\/tr>\n<tr class=\"row-60\">\n\t<td class=\"column-1\">igarap\u00e9<\/td>\n<\/tr>\n<tr class=\"row-61\">\n\t<td class=\"column-1\">ilha<\/td>\n<\/tr>\n<tr class=\"row-62\">\n\t<td class=\"column-1\">ilhota<\/td>\n<\/tr>\n<tr class=\"row-63\">\n\t<td class=\"column-1\">istmo<\/td>\n<\/tr>\n<tr class=\"row-64\">\n\t<td class=\"column-1\">lava<\/td>\n<\/tr>\n<tr class=\"row-65\">\n\t<td class=\"column-1\">maci\u00e7o<\/td>\n<\/tr>\n<tr class=\"row-66\">\n\t<td class=\"column-1\">maremoto<\/td>\n<\/tr>\n<tr class=\"row-67\">\n\t<td class=\"column-1\">mesa; meseta<\/td>\n<\/tr>\n<tr class=\"row-68\">\n\t<td class=\"column-1\">minuano<\/td>\n<\/tr>\n<tr class=\"row-69\">\n\t<td class=\"column-1\">mistral<\/td>\n<\/tr>\n<tr class=\"row-70\">\n\t<td class=\"column-1\">mon\u00e7\u00e3o<\/td>\n<\/tr>\n<tr class=\"row-71\">\n\t<td class=\"column-1\">montanha<\/td>\n<\/tr>\n<tr class=\"row-72\">\n\t<td class=\"column-1\">nevasca<\/td>\n<\/tr>\n<tr class=\"row-73\">\n\t<td class=\"column-1\">orvalho<\/td>\n<\/tr>\n<tr class=\"row-74\">\n\t<td class=\"column-1\">outeiro<\/td>\n<\/tr>\n<tr class=\"row-75\">\n\t<td class=\"column-1\">pampa<\/td>\n<\/tr>\n<tr class=\"row-76\">\n\t<td class=\"column-1\">pantanal<\/td>\n<\/tr>\n<tr class=\"row-77\">\n\t<td class=\"column-1\">p\u00e2ntano<\/td>\n<\/tr>\n<tr class=\"row-78\">\n\t<td class=\"column-1\">passo<\/td>\n<\/tr>\n<tr class=\"row-79\">\n\t<td class=\"column-1\">paul<\/td>\n<\/tr>\n<tr class=\"row-80\">\n\t<td class=\"column-1\">penedo<\/td>\n<\/tr>\n<tr class=\"row-81\">\n\t<td class=\"column-1\">penhasco<\/td>\n<\/tr>\n<tr class=\"row-82\">\n\t<td class=\"column-1\">pen\u00ednsula<\/td>\n<\/tr>\n<tr class=\"row-83\">\n\t<td class=\"column-1\">pirambeira<\/td>\n<\/tr>\n<tr class=\"row-84\">\n\t<td class=\"column-1\">planalto<\/td>\n<\/tr>\n<tr class=\"row-85\">\n\t<td class=\"column-1\">plan\u00edcie<\/td>\n<\/tr>\n<tr class=\"row-86\">\n\t<td class=\"column-1\">pororoca<\/td>\n<\/tr>\n<tr class=\"row-87\">\n\t<td class=\"column-1\">pradaria<\/td>\n<\/tr>\n<tr class=\"row-88\">\n\t<td class=\"column-1\">prado<\/td>\n<\/tr>\n<tr class=\"row-89\">\n\t<td class=\"column-1\">promont\u00f3rio<\/td>\n<\/tr>\n<tr class=\"row-90\">\n\t<td class=\"column-1\">ravina<\/td>\n<\/tr>\n<tr class=\"row-91\">\n\t<td class=\"column-1\">redemonho<\/td>\n<\/tr>\n<tr class=\"row-92\">\n\t<td class=\"column-1\">remanso<\/td>\n<\/tr>\n<tr class=\"row-93\">\n\t<td class=\"column-1\">restinga<\/td>\n<\/tr>\n<tr class=\"row-94\">\n\t<td class=\"column-1\">ria<\/td>\n<\/tr>\n<tr class=\"row-95\">\n\t<td class=\"column-1\">riacho<\/td>\n<\/tr>\n<tr class=\"row-96\">\n\t<td class=\"column-1\">ribeir\u00e3o<\/td>\n<\/tr>\n<tr class=\"row-97\">\n\t<td class=\"column-1\">rinc\u00e3o<\/td>\n<\/tr>\n<tr class=\"row-98\">\n\t<td class=\"column-1\">rio<\/td>\n<\/tr>\n<tr class=\"row-99\">\n\t<td class=\"column-1\">rocha<\/td>\n<\/tr>\n<tr class=\"row-100\">\n\t<td class=\"column-1\">rochedo<\/td>\n<\/tr>\n<tr class=\"row-101\">\n\t<td class=\"column-1\">salar<\/td>\n<\/tr>\n<tr class=\"row-102\">\n\t<td class=\"column-1\">savana<\/td>\n<\/tr>\n<tr class=\"row-103\">\n\t<td class=\"column-1\">seixo<\/td>\n<\/tr>\n<tr class=\"row-104\">\n\t<td class=\"column-1\">serrania<\/td>\n<\/tr>\n<tr class=\"row-105\">\n\t<td class=\"column-1\">sincelo<\/td>\n<\/tr>\n<tr class=\"row-106\">\n\t<td class=\"column-1\">siroco<\/td>\n<\/tr>\n<tr class=\"row-107\">\n\t<td class=\"column-1\">tabatinga<\/td>\n<\/tr>\n<tr class=\"row-108\">\n\t<td class=\"column-1\">talude<\/td>\n<\/tr>\n<tr class=\"row-109\">\n\t<td class=\"column-1\">talvegue<\/td>\n<\/tr>\n<tr class=\"row-110\">\n\t<td class=\"column-1\">terremoto<\/td>\n<\/tr>\n<tr class=\"row-111\">\n\t<td class=\"column-1\">tornado<\/td>\n<\/tr>\n<tr class=\"row-112\">\n\t<td class=\"column-1\">tremedal<\/td>\n<\/tr>\n<tr class=\"row-113\">\n\t<td class=\"column-1\">tsunami<\/td>\n<\/tr>\n<tr class=\"row-114\">\n\t<td class=\"column-1\">tuf\u00e3o<\/td>\n<\/tr>\n<tr class=\"row-115\">\n\t<td class=\"column-1\">tundra<\/td>\n<\/tr>\n<tr class=\"row-116\">\n\t<td class=\"column-1\">vale<\/td>\n<\/tr>\n<tr class=\"row-117\">\n\t<td class=\"column-1\">v\u00e1rzea<\/td>\n<\/tr>\n<tr class=\"row-118\">\n\t<td class=\"column-1\">vau \/ vadear<\/td>\n<\/tr>\n<tr class=\"row-119\">\n\t<td class=\"column-1\">vazante<\/td>\n<\/tr>\n<tr class=\"row-120\">\n\t<td class=\"column-1\">veio<\/td>\n<\/tr>\n<tr class=\"row-121\">\n\t<td class=\"column-1\">veranico<\/td>\n<\/tr>\n<tr class=\"row-122\">\n\t<td class=\"column-1\">vereda<\/td>\n<\/tr>\n<tr class=\"row-123\">\n\t<td class=\"column-1\">vertente<\/td>\n<\/tr>\n<tr class=\"row-124\">\n\t<td class=\"column-1\">vo\u00e7oroca<\/td>\n<\/tr>\n<tr class=\"row-125\">\n\t<td class=\"column-1\">v\u00f3rtice<\/td>\n<\/tr>\n<tr class=\"row-126\">\n\t<td class=\"column-1\">vulc\u00e3o<\/td>\n<\/tr>\n<tr class=\"row-127\">\n\t<td class=\"column-1\">z\u00e9firo<\/td>\n<\/tr>\n<tr class=\"row-128\">\n\t<td class=\"column-1\">z\u00eanite<\/td>\n<\/tr>\n<\/tbody>\n<\/table>\n<!-- #tablepress-657 from cache -->\n","protected":false},"excerpt":{"rendered":"","protected":false},"author":1,"featured_media":0,"parent":11286,"menu_order":0,"comment_status":"closed","ping_status":"closed","template":"full-width.php","meta":{"footnotes":""},"class_list":["post-11560","page","type-page","status-publish","hentry"],"_links":{"self":[{"href":"https:\/\/cluny.com.br\/index.php?rest_route=\/wp\/v2\/pages\/11560","targetHints":{"allow":["GET"]}}],"collection":[{"href":"https:\/\/cluny.com.br\/index.php?rest_route=\/wp\/v2\/pages"}],"about":[{"href":"https:\/\/cluny.com.br\/index.php?rest_route=\/wp\/v2\/types\/page"}],"author":[{"embeddable":true,"href":"https:\/\/cluny.com.br\/index.php?rest_route=\/wp\/v2\/users\/1"}],"replies":[{"embeddable":true,"href":"https:\/\/cluny.com.br\/index.php?rest_route=%2Fwp%2Fv2%2Fcomments&post=11560"}],"version-history":[{"count":1,"href":"https:\/\/cluny.com.br\/index.php?rest_route=\/wp\/v2\/pages\/11560\/revisions"}],"predecessor-version":[{"id":11561,"href":"https:\/\/cluny.com.br\/index.php?rest_route=\/wp\/v2\/pages\/11560\/revisions\/11561"}],"up":[{"embeddable":true,"href":"https:\/\/cluny.com.br\/index.php?rest_route=\/wp\/v2\/pages\/11286"}],"wp:attachment":[{"href":"https:\/\/cluny.com.br\/index.php?rest_route=%2Fwp%2Fv2%2Fmedia&parent=11560"}],"curies":[{"name":"wp","href":"https:\/\/api.w.org\/{rel}","templated":true}]}}