{"id":11467,"date":"2015-12-18T20:23:38","date_gmt":"2015-12-18T20:23:38","guid":{"rendered":"http:\/\/www.cluny.com.br\/?page_id=11467"},"modified":"2016-04-05T20:26:52","modified_gmt":"2016-04-05T20:26:52","slug":"alimentos-refeicoes-culinaria-gastronomia","status":"publish","type":"page","link":"https:\/\/cluny.com.br\/?page_id=11467","title":{"rendered":"Alimentos &#8211; Refei\u00e7\u00f5es &#8211; Culin\u00e1ria &#038; Gastronomia"},"content":{"rendered":"\n<table id=\"tablepress-650\" class=\"tablepress tablepress-id-650\">\n<tbody class=\"row-striping row-hover\">\n<tr class=\"row-1\">\n\t<td class=\"column-1\">abar\u00e1<\/td>\n<\/tr>\n<tr class=\"row-2\">\n\t<td class=\"column-1\">acaraj\u00e9<\/td>\n<\/tr>\n<tr class=\"row-3\">\n\t<td class=\"column-1\">a\u00e7orda<\/td>\n<\/tr>\n<tr class=\"row-4\">\n\t<td class=\"column-1\">aletria<\/td>\n<\/tr>\n<tr class=\"row-5\">\n\t<td class=\"column-1\">alfajor<\/td>\n<\/tr>\n<tr class=\"row-6\">\n\t<td class=\"column-1\">alheira<\/td>\n<\/tr>\n<tr class=\"row-7\">\n\t<td class=\"column-1\">ambrosia<\/td>\n<\/tr>\n<tr class=\"row-8\">\n\t<td class=\"column-1\">angu<\/td>\n<\/tr>\n<tr class=\"row-9\">\n\t<td class=\"column-1\">arroz doce<\/td>\n<\/tr>\n<tr class=\"row-10\">\n\t<td class=\"column-1\">baba-de-mo\u00e7a<\/td>\n<\/tr>\n<tr class=\"row-11\">\n\t<td class=\"column-1\">bala<\/td>\n<\/tr>\n<tr class=\"row-12\">\n\t<td class=\"column-1\">banquete<\/td>\n<\/tr>\n<tr class=\"row-13\">\n\t<td class=\"column-1\">barriga-de-freira<\/td>\n<\/tr>\n<tr class=\"row-14\">\n\t<td class=\"column-1\">beiju; biju<\/td>\n<\/tr>\n<tr class=\"row-15\">\n\t<td class=\"column-1\">bob\u00f3<\/td>\n<\/tr>\n<tr class=\"row-16\">\n\t<td class=\"column-1\">boia<\/td>\n<\/tr>\n<tr class=\"row-17\">\n\t<td class=\"column-1\">bolo<\/td>\n<\/tr>\n<tr class=\"row-18\">\n\t<td class=\"column-1\">brevidade<\/td>\n<\/tr>\n<tr class=\"row-19\">\n\t<td class=\"column-1\">brigadeiro<\/td>\n<\/tr>\n<tr class=\"row-20\">\n\t<td class=\"column-1\">brioche<\/td>\n<\/tr>\n<tr class=\"row-21\">\n\t<td class=\"column-1\">broa<\/td>\n<\/tr>\n<tr class=\"row-22\">\n\t<td class=\"column-1\">brodo<\/td>\n<\/tr>\n<tr class=\"row-23\">\n\t<td class=\"column-1\">buchada<\/td>\n<\/tr>\n<tr class=\"row-24\">\n\t<td class=\"column-1\">cachorro quente<\/td>\n<\/tr>\n<tr class=\"row-25\">\n\t<td class=\"column-1\">caldo<\/td>\n<\/tr>\n<tr class=\"row-26\">\n\t<td class=\"column-1\">caldo verde<\/td>\n<\/tr>\n<tr class=\"row-27\">\n\t<td class=\"column-1\">cambuquira<\/td>\n<\/tr>\n<tr class=\"row-28\">\n\t<td class=\"column-1\">canap\u00e9<\/td>\n<\/tr>\n<tr class=\"row-29\">\n\t<td class=\"column-1\">carne de sol<\/td>\n<\/tr>\n<tr class=\"row-30\">\n\t<td class=\"column-1\">carne seca<\/td>\n<\/tr>\n<tr class=\"row-31\">\n\t<td class=\"column-1\">ceviche<\/td>\n<\/tr>\n<tr class=\"row-32\">\n\t<td class=\"column-1\">charque<\/td>\n<\/tr>\n<tr class=\"row-33\">\n\t<td class=\"column-1\">comes e bebes<\/td>\n<\/tr>\n<tr class=\"row-34\">\n\t<td class=\"column-1\">cozido<\/td>\n<\/tr>\n<tr class=\"row-35\">\n\t<td class=\"column-1\">creme<\/td>\n<\/tr>\n<tr class=\"row-36\">\n\t<td class=\"column-1\">croissant<\/td>\n<\/tr>\n<tr class=\"row-37\">\n\t<td class=\"column-1\">curau<\/td>\n<\/tr>\n<tr class=\"row-38\">\n\t<td class=\"column-1\">cuscuz<\/td>\n<\/tr>\n<tr class=\"row-39\">\n\t<td class=\"column-1\">dobradinha<\/td>\n<\/tr>\n<tr class=\"row-40\">\n\t<td class=\"column-1\">drops<\/td>\n<\/tr>\n<tr class=\"row-41\">\n\t<td class=\"column-1\">empanado<\/td>\n<\/tr>\n<tr class=\"row-42\">\n\t<td class=\"column-1\">ensopado<\/td>\n<\/tr>\n<tr class=\"row-43\">\n\t<td class=\"column-1\">esfirra<\/td>\n<\/tr>\n<tr class=\"row-44\">\n\t<td class=\"column-1\">estrogonofe; strogonoff<\/td>\n<\/tr>\n<tr class=\"row-45\">\n\t<td class=\"column-1\">feijoada<\/td>\n<\/tr>\n<tr class=\"row-46\">\n\t<td class=\"column-1\">fiambre<\/td>\n<\/tr>\n<tr class=\"row-47\">\n\t<td class=\"column-1\">geleia<\/td>\n<\/tr>\n<tr class=\"row-48\">\n\t<td class=\"column-1\">gororoba<\/td>\n<\/tr>\n<tr class=\"row-49\">\n\t<td class=\"column-1\">guisado<\/td>\n<\/tr>\n<tr class=\"row-50\">\n\t<td class=\"column-1\">hamburguer<\/td>\n<\/tr>\n<tr class=\"row-51\">\n\t<td class=\"column-1\">jab\u00e1<\/td>\n<\/tr>\n<tr class=\"row-52\">\n\t<td class=\"column-1\">jerimum<\/td>\n<\/tr>\n<tr class=\"row-53\">\n\t<td class=\"column-1\">judeu<\/td>\n<\/tr>\n<tr class=\"row-54\">\n\t<td class=\"column-1\">manjar<\/td>\n<\/tr>\n<tr class=\"row-55\">\n\t<td class=\"column-1\">mariscada<\/td>\n<\/tr>\n<tr class=\"row-56\">\n\t<td class=\"column-1\">merengue<\/td>\n<\/tr>\n<tr class=\"row-57\">\n\t<td class=\"column-1\">mexido<\/td>\n<\/tr>\n<tr class=\"row-58\">\n\t<td class=\"column-1\">misto quente<\/td>\n<\/tr>\n<tr class=\"row-59\">\n\t<td class=\"column-1\">mocot\u00f3<\/td>\n<\/tr>\n<tr class=\"row-60\">\n\t<td class=\"column-1\">moqueca<\/td>\n<\/tr>\n<tr class=\"row-61\">\n\t<td class=\"column-1\">mungunz\u00e1<\/td>\n<\/tr>\n<tr class=\"row-62\">\n\t<td class=\"column-1\">musse<\/td>\n<\/tr>\n<tr class=\"row-63\">\n\t<td class=\"column-1\">olho-de-sogra<\/td>\n<\/tr>\n<tr class=\"row-64\">\n\t<td class=\"column-1\">omelete<\/td>\n<\/tr>\n<tr class=\"row-65\">\n\t<td class=\"column-1\">pa\u00e7o\u00e7a<\/td>\n<\/tr>\n<tr class=\"row-66\">\n\t<td class=\"column-1\">paio<\/td>\n<\/tr>\n<tr class=\"row-67\">\n\t<td class=\"column-1\">pamonha<\/td>\n<\/tr>\n<tr class=\"row-68\">\n\t<td class=\"column-1\">panach\u00ea<\/td>\n<\/tr>\n<tr class=\"row-69\">\n\t<td class=\"column-1\">p\u00e3o<\/td>\n<\/tr>\n<tr class=\"row-70\">\n\t<td class=\"column-1\">p\u00e3o-de-l\u00f3<\/td>\n<\/tr>\n<tr class=\"row-71\">\n\t<td class=\"column-1\">papo-de-anjo<\/td>\n<\/tr>\n<tr class=\"row-72\">\n\t<td class=\"column-1\">pastel<\/td>\n<\/tr>\n<tr class=\"row-73\">\n\t<td class=\"column-1\">pastel-de-bel\u00e9m<\/td>\n<\/tr>\n<tr class=\"row-74\">\n\t<td class=\"column-1\">pav\u00ea<\/td>\n<\/tr>\n<tr class=\"row-75\">\n\t<td class=\"column-1\">peixada<\/td>\n<\/tr>\n<tr class=\"row-76\">\n\t<td class=\"column-1\">queijadinha<\/td>\n<\/tr>\n<tr class=\"row-77\">\n\t<td class=\"column-1\">queque (cup-cake)<\/td>\n<\/tr>\n<tr class=\"row-78\">\n\t<td class=\"column-1\">quibe<\/td>\n<\/tr>\n<tr class=\"row-79\">\n\t<td class=\"column-1\">quibebe<\/td>\n<\/tr>\n<tr class=\"row-80\">\n\t<td class=\"column-1\">quiche<\/td>\n<\/tr>\n<tr class=\"row-81\">\n\t<td class=\"column-1\">quindim<\/td>\n<\/tr>\n<tr class=\"row-82\">\n\t<td class=\"column-1\">quitanda<\/td>\n<\/tr>\n<tr class=\"row-83\">\n\t<td class=\"column-1\">rabada<\/td>\n<\/tr>\n<tr class=\"row-84\">\n\t<td class=\"column-1\">rabanada<\/td>\n<\/tr>\n<tr class=\"row-85\">\n\t<td class=\"column-1\">ragu<\/td>\n<\/tr>\n<tr class=\"row-86\">\n\t<td class=\"column-1\">rango<\/td>\n<\/tr>\n<tr class=\"row-87\">\n\t<td class=\"column-1\">rebu\u00e7ado<\/td>\n<\/tr>\n<tr class=\"row-88\">\n\t<td class=\"column-1\">risoto<\/td>\n<\/tr>\n<tr class=\"row-89\">\n\t<td class=\"column-1\">rocambole<\/td>\n<\/tr>\n<tr class=\"row-90\">\n\t<td class=\"column-1\">rosca<\/td>\n<\/tr>\n<tr class=\"row-91\">\n\t<td class=\"column-1\">sachimi<\/td>\n<\/tr>\n<tr class=\"row-92\">\n\t<td class=\"column-1\">sarapatel<\/td>\n<\/tr>\n<tr class=\"row-93\">\n\t<td class=\"column-1\">sequilho<\/td>\n<\/tr>\n<tr class=\"row-94\">\n\t<td class=\"column-1\">su\u00e3; assu\u00e3<\/td>\n<\/tr>\n<tr class=\"row-95\">\n\t<td class=\"column-1\">sufl\u00ea<\/td>\n<\/tr>\n<tr class=\"row-96\">\n\t<td class=\"column-1\">sushi<\/td>\n<\/tr>\n<tr class=\"row-97\">\n\t<td class=\"column-1\">tabule<\/td>\n<\/tr>\n<tr class=\"row-98\">\n\t<td class=\"column-1\">tacac\u00e1<\/td>\n<\/tr>\n<tr class=\"row-99\">\n\t<td class=\"column-1\">tapioca<\/td>\n<\/tr>\n<tr class=\"row-100\">\n\t<td class=\"column-1\">torresmo<\/td>\n<\/tr>\n<tr class=\"row-101\">\n\t<td class=\"column-1\">torta<\/td>\n<\/tr>\n<tr class=\"row-102\">\n\t<td class=\"column-1\">toucinho-do-c\u00e9u<\/td>\n<\/tr>\n<tr class=\"row-103\">\n\t<td class=\"column-1\">tremo\u00e7o<\/td>\n<\/tr>\n<tr class=\"row-104\">\n\t<td class=\"column-1\">tutu<\/td>\n<\/tr>\n<tr class=\"row-105\">\n\t<td class=\"column-1\">vaca atolada<\/td>\n<\/tr>\n<tr class=\"row-106\">\n\t<td class=\"column-1\">vaca preta<\/td>\n<\/tr>\n<tr class=\"row-107\">\n\t<td class=\"column-1\">vatap\u00e1<\/td>\n<\/tr>\n<tr class=\"row-108\">\n\t<td class=\"column-1\">vianda<\/td>\n<\/tr>\n<\/tbody>\n<\/table>\n<!-- #tablepress-650 from cache -->\n","protected":false},"excerpt":{"rendered":"","protected":false},"author":1,"featured_media":0,"parent":11286,"menu_order":0,"comment_status":"closed","ping_status":"closed","template":"full-width.php","meta":{"footnotes":""},"class_list":["post-11467","page","type-page","status-publish","hentry"],"_links":{"self":[{"href":"https:\/\/cluny.com.br\/index.php?rest_route=\/wp\/v2\/pages\/11467","targetHints":{"allow":["GET"]}}],"collection":[{"href":"https:\/\/cluny.com.br\/index.php?rest_route=\/wp\/v2\/pages"}],"about":[{"href":"https:\/\/cluny.com.br\/index.php?rest_route=\/wp\/v2\/types\/page"}],"author":[{"embeddable":true,"href":"https:\/\/cluny.com.br\/index.php?rest_route=\/wp\/v2\/users\/1"}],"replies":[{"embeddable":true,"href":"https:\/\/cluny.com.br\/index.php?rest_route=%2Fwp%2Fv2%2Fcomments&post=11467"}],"version-history":[{"count":1,"href":"https:\/\/cluny.com.br\/index.php?rest_route=\/wp\/v2\/pages\/11467\/revisions"}],"predecessor-version":[{"id":11468,"href":"https:\/\/cluny.com.br\/index.php?rest_route=\/wp\/v2\/pages\/11467\/revisions\/11468"}],"up":[{"embeddable":true,"href":"https:\/\/cluny.com.br\/index.php?rest_route=\/wp\/v2\/pages\/11286"}],"wp:attachment":[{"href":"https:\/\/cluny.com.br\/index.php?rest_route=%2Fwp%2Fv2%2Fmedia&parent=11467"}],"curies":[{"name":"wp","href":"https:\/\/api.w.org\/{rel}","templated":true}]}}